{"id":12,"date":"2025-09-29T12:42:00","date_gmt":"2025-09-29T09:42:00","guid":{"rendered":"https:\/\/romtoureurope.com\/?page_id=12"},"modified":"2025-10-07T14:47:27","modified_gmt":"2025-10-07T11:47:27","slug":"home","status":"publish","type":"page","link":"https:\/\/romtoureurope.com\/","title":{"rendered":"Home"},"content":{"rendered":"<section class=\"l-section wpb_row height_medium\"><div class=\"l-section-h i-cf\"><div class=\"g-cols vc_row via_grid cols_1 laptops-cols_inherit tablets-cols_inherit mobiles-cols_1 valign_top type_default stacking_default\"><div class=\"wpb_column vc_column_container\"><div class=\"vc_column-inner\"><div class=\"wpb_text_column\"><div class=\"wpb_wrapper\"><h2 style=\"text-align: center;\">Curse de transport \u00een microbuze moderne, rapide \u0219i confortabile, prin RomTourEurope<\/h2>\n<\/div><\/div><div class=\"w-separator size_small\"><\/div><h1 class=\"w-itext us_custom_77c0d1c8 has_text_color type_typingChars align_center dynamic_bold\" onclick='return {&quot;duration&quot;:100,&quot;delay&quot;:3000,&quot;disablePartAnimation&quot;:false,&quot;dynamicColor&quot;:&quot;var(--color-content-primary)&quot;,&quot;html_nbsp_char&quot;:true}'>Transport\u00a0<span class=\"w-itext-part changesat_0 changesat_1 dynamic\" style=\"color:_content_primary\" onclick='return [&quot;PERSOANE\\u00a0&quot;,&quot;COLETE\\u00a0&quot;]'><span>PERSOANE&nbsp;<\/span><i class=\"w-itext-cursor\"><\/i><\/span>Rom\u00e2nia\u00a0Germania<\/h1><div class=\"w-separator size_small\"><\/div><div class=\"w-hwrapper valign_top stack_on_mobiles align_center\"><div class=\"w-btn-wrapper align_none\"><a class=\"w-btn us-btn-style_1\" href=\"https:\/\/romtoureurope.com\/?page_id=24\/#mesaj\"><span class=\"w-btn-label\">Trimite\u021bi-ne un mesaj<\/span><\/a><\/div><div class=\"w-btn-wrapper align_none\"><a class=\"w-btn us-btn-style_2\" href=\"https:\/\/romtoureurope.com\/?page_id=24\/#telefon\"><span class=\"w-btn-label\">Apela\u021bi-ne prin telefon<\/span><\/a><\/div><\/div><\/div><\/div><\/div><\/div><\/section><section class=\"l-section wpb_row height_medium with_img\" id=\"section-01\"><div class=\"l-section-img\" role=\"img\" aria-label=\"Image\" data-img-width=\"1598\" data-img-height=\"1065\" style=\"background-image: url(https:\/\/romtoureurope.com\/wp-content\/uploads\/homepage-img.jpg);\"><\/div><div class=\"l-section-overlay\" style=\"background:rgba(255,255,255,0.83)\"><\/div><div class=\"l-section-h i-cf\"><div class=\"g-cols vc_row via_grid cols_1 laptops-cols_inherit tablets-cols_inherit mobiles-cols_1 valign_top type_default stacking_default\"><div class=\"wpb_column vc_column_container\"><div class=\"vc_column-inner\"><div class=\"g-cols wpb_row via_grid cols_2 laptops-cols_inherit tablets-cols_inherit mobiles-cols_1 valign_top type_default\" style=\"--columns-gap:6vh;\"><div class=\"wpb_column vc_column_container\"><div class=\"vc_column-inner\"><div class=\"w-iconbox iconpos_left style_default color_primary align_none\"><div class=\"w-iconbox-icon\" style=\"font-size:3rem;\"><i class=\"material-icons\">analytics<\/i><\/div><div class=\"w-iconbox-meta\"><h4 class=\"w-iconbox-title\">Olanda<\/h4><div class=\"w-iconbox-text\"><p>Efectuam saptamanal si uneori zilnic transport cu plecari din Romania catre Olanda si retur. Aveti parte de cele mai sigure conditii cu microbuze care ofera atat confort maxim cat si siguranta sporita pentru calatoria pana la destinatia aleasa in cel mai scurt timp posibil.<\/p>\n<\/div><\/div><\/div><div class=\"w-separator size_medium\"><\/div><div class=\"w-iconbox iconpos_left style_default color_primary align_none\"><div class=\"w-iconbox-icon\" style=\"font-size:3rem;\"><i class=\"material-icons\">support_agent<\/i><\/div><div class=\"w-iconbox-meta\"><h4 class=\"w-iconbox-title\">Cehia<\/h4><div class=\"w-iconbox-text\"><p><span>AUTO PE PLATFORMA Transportam autovehicule pe platforma noi, de lux, rulate, second-hand sau avariate la cele mai avantajoase preturi.<\/span><\/p>\n<\/div><\/div><\/div><\/div><\/div><div class=\"wpb_column vc_column_container\"><div class=\"vc_column-inner\"><div class=\"w-iconbox iconpos_left style_default color_primary align_none\"><div class=\"w-iconbox-icon\" style=\"font-size:3rem;\"><i class=\"material-icons\">design_services<\/i><\/div><div class=\"w-iconbox-meta\"><h4 class=\"w-iconbox-title\">Austria<\/h4><div class=\"w-iconbox-text\"><p>Alaturi de Kvn-transport beneficiati de o experienta de incredere in vederea de transport Romania Austria. Dorim sa gasiti in noi, asemenea cum au facut si alte mii de clienti un partener de incredere pentru calatorii.<\/p>\n<\/div><\/div><\/div><div class=\"w-separator size_medium\"><\/div><div class=\"w-iconbox iconpos_left style_default color_primary align_none\"><div class=\"w-iconbox-icon\" style=\"font-size:3rem;\"><i class=\"material-icons\">api<\/i><\/div><div class=\"w-iconbox-meta\"><h4 class=\"w-iconbox-title\">Germania<\/h4><div class=\"w-iconbox-text\"><p>Cursele regulate de transport persoane din Germania spre Romania au loc odata la fiecare 2 zile. Oferim preturi accesibile tuturor si transport sigur cu microbuze Mercedes Sprinter de 8 locuri sau Opel Vivaro de generatie noua.<\/p>\n<\/div><\/div><\/div><\/div><\/div><\/div><\/div><\/div><\/div><\/div><\/section><section class=\"l-section wpb_row height_medium with_shape\"><div class=\"l-section-shape type_custom pos_bottom\" style=\"height:33%;color:var(--color-content-bg-alt)\"><svg xmlns=\"http:\/\/www.w3.org\/2000\/svg\" viewBox=\"0 0 64 8\" preserveAspectRatio=\"none\" width=\"100%\" height=\"100%\">\r\n\t<path fill=\"currentColor\" d=\"M64 8 L0 8 L0 0 L64 0 Z\"\/>\r\n<\/svg><\/div><div class=\"l-section-h i-cf\"><div class=\"g-cols vc_row via_grid cols_2-1 laptops-cols_inherit tablets-cols_inherit mobiles-cols_1 valign_middle type_default stacking_default\"><div class=\"wpb_column vc_column_container\"><div class=\"vc_column-inner\"><div class=\"w-image align_none\"><div class=\"w-image-h\"><img decoding=\"async\" width=\"1024\" height=\"542\" src=\"https:\/\/romtoureurope.com\/wp-content\/uploads\/microbus-homepage-1024x542.jpg\" class=\"attachment-large size-large\" alt=\"\" loading=\"lazy\" srcset=\"https:\/\/romtoureurope.com\/wp-content\/uploads\/microbus-homepage-1024x542.jpg 1024w, https:\/\/romtoureurope.com\/wp-content\/uploads\/microbus-homepage-300x159.jpg 300w, https:\/\/romtoureurope.com\/wp-content\/uploads\/microbus-homepage-150x79.jpg 150w, https:\/\/romtoureurope.com\/wp-content\/uploads\/microbus-homepage.jpg 1536w\" sizes=\"auto, (max-width: 1024px) 100vw, 1024px\" \/><\/div><\/div><div class=\"w-separator size_medium\"><\/div><div class=\"g-cols wpb_row via_grid cols_2 laptops-cols_inherit tablets-cols_inherit mobiles-cols_1 valign_top type_default stacking_default\" style=\"--columns-gap:2rem;\"><div class=\"wpb_column vc_column_container us_custom_0a785476 has_bg_color\"><div class=\"vc_column-inner\"><div class=\"wpb_text_column\"><div class=\"wpb_wrapper\"><h4>Transport auto rapid la cel mai bun pre\u021b<\/h4>\n<p>Oferim servicii de transport masini pe platforma saptamanal din oricare dintre tarile in care noi facem livrari si preluari atat dus cat si adus la cele mai accesibile preturi de pe piata.<\/p>\n<\/div><\/div><\/div><\/div><div class=\"wpb_column vc_column_container us_custom_0a785476 has_bg_color\"><div class=\"vc_column-inner\"><div class=\"wpb_text_column\"><div class=\"wpb_wrapper\"><h4>Transport auto sigur \u0219i f\u0103r\u0103 griji<\/h4>\n<p>Serviciile de transport masini pe platforma se desfasoara in deplina siguranta datorita platformelor cu cele mai bune dotari si soferilor atenti.<\/p>\n<\/div><\/div><\/div><\/div><\/div><\/div><\/div><div class=\"wpb_column vc_column_container\"><div class=\"vc_column-inner\"><div class=\"wpb_text_column\"><div class=\"wpb_wrapper\"><p>De <strong>peste 15 ani<\/strong>, firma <strong>KVN<\/strong> v\u0103 ofer\u0103 servicii de <strong>transport interna\u021bional<\/strong> de persoane, curse cu autocare \u0219i microbuze, precum \u0219i c\u0103l\u0103torii sigure <strong>\u00een Rom\u00e2nia<\/strong> \u0219i \u00een alte 8 \u021b\u0103ri <strong>din Europa<\/strong>, \u00een condi\u021bii de maxim\u0103 siguran\u021b\u0103.<\/p>\n<h5>O mas\u0103 cald\u0103 sau gustare<\/h5>\n<p>Oferim o gustare \u00eentr-un restaurant aflat pe traseu.<\/p>\n<h5>Bagaj gratuit<\/h5>\n<p>Transport\u0103m gratuit bagaje \u00een limita a 50 kg \/ persoan\u0103.<\/p>\n<\/div><\/div><div class=\"w-separator size_medium\"><\/div><div class=\"wpb_text_column us_custom_d35b79ff\"><div class=\"wpb_wrapper\"><h4 style=\"text-align: center;\">Sun\u0103 acum:<\/h4>\n<p style=\"text-align: center;\">&#8211; rezerv\u0103ri telefonice &#8211;<\/p>\n<p style=\"text-align: center;\"><strong>0753 675 275<\/strong><\/p>\n<\/div><\/div><\/div><\/div><\/div><\/div><\/section><section class=\"l-section wpb_row us_custom_c70c97eb height_small\"><div class=\"l-section-h i-cf\"><div class=\"g-cols vc_row via_grid cols_1 laptops-cols_inherit tablets-cols_inherit mobiles-cols_1 valign_middle type_default stacking_default\"><div class=\"wpb_column vc_column_container us_custom_31963582\"><div class=\"vc_column-inner\"><div class=\"wpb_text_column us_custom_eb849559\"><div class=\"wpb_wrapper\"><h2>Rute Rom\u00e2nia &#8211; Germania \u0219i retur, cu opriri \u00een:<br \/>\n<strong><span style=\"color: var(--color-content-link);\">Gala\u021bi, Br\u0103ila, Buz\u0103u, Bucure\u0219ti, Bra\u0219ov, R\u00e2mnicu V\u00e2lcea, F\u0103g\u0103ra\u0219, Sibiu, Deva, Arad<\/span><br \/>\n&amp; zonele apropiate.<\/strong><\/h2>\n<p>Transportul se face direct, de la adres\u0103 la adres\u0103, f\u0103r\u0103 schimburi.<br \/>\nCerem \u0219i oferim seriozitate!<\/p>\n<\/div><\/div><div class=\"w-separator size_small\"><\/div><div class=\"w-hwrapper us_custom_a3c22be0 valign_middle stack_on_mobiles align_center\" style=\"--hwrapper-gap:1.9rem\"><div class=\"wpb_text_column us_custom_227bc3bd\"><div class=\"wpb_wrapper\"><h4>Rezervare rapid\u0103 \u2013 doar 3 pa\u0219i:<\/h4>\n<p>\ud83d\udcde <strong>Sun\u0103<\/strong> \/ <strong>Scrie<\/strong> pe WhatsApp<br \/>\n\ud83c\udfab <strong>Rezerv\u0103 biletul<\/strong><br \/>\n\ud83d\ude97 <strong>Te prelu\u0103m<\/strong> de la loca\u021bie<\/p>\n<\/div><\/div><div class=\"w-btn-wrapper align_center\"><a class=\"w-btn us-btn-style_1\" href=\"https:\/\/romtoureurope.com\/?page_id=24\"><span class=\"w-btn-label\">Contacta\u021bi-ne ACUM<\/span><\/a><\/div><\/div><div class=\"w-separator size_medium\"><\/div><\/div><\/div><\/div><\/div><\/section>\n","protected":false},"excerpt":{"rendered":"Curse de transport \u00een microbuze moderne, rapide \u0219i confortabile, prin RomTourEurope Transport\u00a0PERSOANE&nbsp;Rom\u00e2nia\u00a0GermaniaTrimite\u021bi-ne un mesajApela\u021bi-ne prin telefonanalyticsOlandaEfectuam saptamanal si uneori zilnic transport cu plecari din Romania catre Olanda si retur. Aveti parte de cele mai sigure conditii cu microbuze care ofera atat confort maxim cat si siguranta sporita pentru calatoria pana la destinatia aleasa in cel...","protected":false},"author":1,"featured_media":0,"parent":0,"menu_order":0,"comment_status":"closed","ping_status":"closed","template":"","meta":{"_joinchat":[],"footnotes":""},"class_list":["post-12","page","type-page","status-publish","hentry"],"_links":{"self":[{"href":"https:\/\/romtoureurope.com\/index.php?rest_route=\/wp\/v2\/pages\/12","targetHints":{"allow":["GET"]}}],"collection":[{"href":"https:\/\/romtoureurope.com\/index.php?rest_route=\/wp\/v2\/pages"}],"about":[{"href":"https:\/\/romtoureurope.com\/index.php?rest_route=\/wp\/v2\/types\/page"}],"author":[{"embeddable":true,"href":"https:\/\/romtoureurope.com\/index.php?rest_route=\/wp\/v2\/users\/1"}],"replies":[{"embeddable":true,"href":"https:\/\/romtoureurope.com\/index.php?rest_route=%2Fwp%2Fv2%2Fcomments&post=12"}],"version-history":[{"count":58,"href":"https:\/\/romtoureurope.com\/index.php?rest_route=\/wp\/v2\/pages\/12\/revisions"}],"predecessor-version":[{"id":205,"href":"https:\/\/romtoureurope.com\/index.php?rest_route=\/wp\/v2\/pages\/12\/revisions\/205"}],"wp:attachment":[{"href":"https:\/\/romtoureurope.com\/index.php?rest_route=%2Fwp%2Fv2%2Fmedia&parent=12"}],"curies":[{"name":"wp","href":"https:\/\/api.w.org\/{rel}","templated":true}]}}